 10, -2*t + b*v = -16. Calculate the remainder when 13 is divided by t.
3
Let r be (-2)/(-6) - 550/(-6). Let p be (-1)/(-3)*(1 + r). Let g = -19 + p. What is the remainder when 34 is divided by g?
10
Let o be ((-2 - 0) + 1)*-6. Let r(m) = -m**3 + 7*m**2 - 2*m - 2. Calculate the remainder when r(o) is divided by 108/14 - 6/(-21).
6
Let b = 110 + -99. Calculate the remainder when 24 is divided by b.
2
Let s(g) = 3*g**2 + 4*g + 3. Suppose 63 - 54 = c. What is the remainder when s(-4) is divided by c?
8
Let i(a) be the second derivative of a**3 + a. Suppose 2*v + 2*v + 3*c - 181 = 0, 0 = 2*v + 2*c - 90. What is the remainder when v is divided by i(2)?
10
Suppose -6*v = -4*v - 16. Calculate the remainder when 29 is divided by v.
5
Let o = -17 - -57. Let s(d) = -5*d - 1. Calculate the remainder when o is divided by s(-3).
12
Suppose 2*j - 93 = 5*g, -j - 122 = -4*j + 4*g. What is the remainder when j is divided by 9?
7
Let l = 149 - 117. Calculate the remainder when 156 is divided by l.
28
Let p(h) = h - 3. Let q be p(3). Let w = 479 - 271. Suppose q*v - w = -4*v. Calculate the remainder when v is divided by 18.
16
Let r(g) = -g**3 + 53 + 4*g**3 - 2*g**3. What is the remainder when r(0) is divided by 14?
11
Let x = 12 + -20. Let v = 19 + x. What is the remainder when v is divided by 5?
1
Let u(j) = j + 14. Let y(l) = 14*l**3 - l. What is the remainder when y(1) is divided by u(-6)?
5
What is the remainder when 51 is divided by -4*(2 + (-52)/8)?
15
Let r(m) = m**3 - 6*m**2 + 5*m - 9. Calculate the remainder when r(6) is divided by 12.
9
Let u(t) = 2*t**3 - 8*t**2 - 4*t - 5. What is the remainder when 74 is divided by u(5)?
24
Let t = 3 + 0. Suppose -t*z = -0*z + 3*v - 90, -4*v = -3*z + 69. Let n(f) = -f**3 - 9*f**2 + 9*f + 4. What is the remainder when z is divided by n(-10)?
13
Let p = -18 - -46. What is the remainder when p is divided by 10?
8
Let y(u) = u**2 - 6*u + 4. Calculate the remainder when 21 is divided by y(7).
10
Let x(s) = -14*s - 8. Let n = 3 - -20. Calculate the remainder when x(-7) is divided by n.
21
Let h(q) = -q**3 + 4*q**2 + 6*q + 3. Let a = 141 + -258. What is the remainder when 4/(-10) - a/5 is divided by h(5)?
7
Suppose -2*c + 2*v = -14, 3*v = -c + 5*v + 11. What is the remainder when 3 is divided by c?
0
Let v(s) = -4*s - 15. Suppose k - 6 = -2*j, 2*j - 6*j - 100 = -5*k. Suppose -4*l = -0*l - k. Calculate the remainder when v(-5) is divided by l.
1
Let y(m) be the third derivative of m**4/4 - m**3/6 + m**2. Calculate the remainder when (-1 - -35) + (-3 - -1) is divided by y(2).
10
Suppose -p - 544 = -4*t - 0*p, 2*p = 2*t - 272. Calculate the remainder when t is divided by 46.
44
Suppose -2*r + 30 + 10 = 0. Let z be (4/2)/(-1 + 2). Suppose -z*c = -o - 6*c + 15, -4*o - 5*c = -38. Calculate the remainder when r is divided by o.
6
Suppose -2*d = -5*d + 2*b + 62, -d + 4*b + 34 = 0. Suppose m + 3*m = 208. What is the remainder when m is divided by d?
16
Suppose -6 = -4*f + 18. Calculate the remainder when (-3)/18 - (-163)/f is divided by 10.
7
Suppose -2*o = 3*a - 16, 3*o - 3*a - 47 - 7 = 0. Calculate the remainder when o is divided by 4.
2
Calculate the remainder when 1/(-2) + 357/6 is divided by 10*(2 - -2)/2.
19
Suppose 29 = 3*t + 11. Calculate the remainder when t is divided by 3.
0
Let y = -8 - -35. Let d(b) = 50*b**2 + 2*b + 1. Let z be d(-1). Let k = z - y. Calculate the remainder when 65 is divided by k.
21
Let p(o) = -11*o + 10. Let s(w) = -10*w + 9. Let r(u) = 4*p(u) - 5*s(u). What is the remainder when r(8) is divided by 15?
13
Let u = 1 + -7. Let p = 25 + u. What is the remainder when p is divided by 5?
4
Let o = 1 + 0. Suppose -f = w + 24, 0 = 4*f - 0*f + w + 87. What is the remainder when (-3 + o)*f/6 is divided by 3?
1
Calculate the remainder when (-1)/(-24)*6 - 246/(-8) is divided by 16.
15
Let p(c) = 6*c**2 + 12*c + 11. Let m(n) = -4*n**2 - 8*n - 7. Let z(x) = -8*m(x) - 5*p(x). Calculate the remainder when z(-6) is divided by 13.
10
Suppose 2*t = b + 3 + 3, 0 = -5*b + t + 6. What is the remainder when 2 is divided by b?
0
Let l = -11 + 22. Suppose -80 = -2*n + 4. What is the remainder when n is divided by l?
9
Calculate the remainder when 23 is divided by (-1)/(-4)*4 + 9.
3
Suppose -u - 7*b = -3*b - 48, 2*u + 3*b = 86. Suppose 0 = 4*s + s + u. Let d(w) = w**2 + 7*w + 5. Calculate the remainder when 38 is divided by d(s).
12
Suppose -2*x = -5*z + 39, 2*x + 2*x = 3*z - 15. Calculate the remainder when 17 is divided by z.
8
Let q = 39 + -13. Let y be (0 - (-7)/1) + 1. Let k = 17 - y. Calculate the remainder when q is divided by k.
8
Let g be (-6)/(-9) - 56/12. Let o = g + 6. Calculate the remainder when o is divided by 2.
0
Let r = -7 + 29. Let j = 11 - 5. What is the remainder when r is divided by j?
4
Calculate the remainder when (1 - (-6 + 4))/(6/136) is divided by 18.
14
Let p(v) = 8*v - 7. What is the remainder when 66 is divided by p(3)?
15
Let q(a) = 12*a + 3. Calculate the remainder when 72 is divided by q(1).
12
Let x = 37 + -16. Let m = x + -10. What is the remainder when 21 is divided by m?
10
What is the remainder when 650/(-39)*(-1 - 2) is divided by 17?
16
Suppose o - 4*o = 6, 5*o + 242 = 4*v. Suppose 4*h = 258 - v. Suppose -2*j + 26 = -j. What is the remainder when h is divided by j?
24
Suppose -3*t = -2*k + 22, -5*t = -2*k - 3*t + 18. What is the remainder when k is divided by (-4 + 0)*(-5)/10?
1
Let k = 62 - 42. What is the remainder when k is divided by 8?
4
Let d(o) = 2 + 1 + o**3 + 7*o**2 + 2*o**2 - o**2. What is the remainder when 8 is divided by d(-8)?
2
Let z(q) = 2*q**2 + 14*q + 9. Calculate the remainder when z(-11) is divided by 25.
22
What is the remainder when 89 is divided by 28/(3 + -1) + -1?
11
Let n = 7 - 7. Calculate the remainder when 11 is divided by (-14)/(-2) - (3 - n).
3
Let y(s) be the third derivative of 0 - 1/3*s**3 + 5/24*s**4 + 0*s + 2*s**2. What is the remainder when 49 is divided by y(3)?
10
Let d = -90 + 93. Let s be 51 - (-3 - (1 - 3)). Suppose s = -y + d*y. Calculate the remainder when y is divided by 9.
8
What is the remainder when (3 + 1)*((-25)/(-4) + 4) is divided by 14?
13
Let t(k) = -k**2 + 8*k + 6. Let n be (5/(-2))/((-1)/2). What is the remainder when (33/n - -1)*5 is divided by t(7)?
12
Let g = -146 - -198. What is the remainder when g is divided by 18?
16
Suppose -3*m - 13 = -5*t + 13, 3*m - 9 = 0. Calculate the remainder when 62 is divided by t/((-2)/(1*-6)).
20
Let p(k) = 91*k + 5. Calculate the remainder when p(2) is divided by 38.
35
Suppose 0*n = -n - 6. Let o = -43 - -30. Let d = n - o. What is the remainder when 13 is divided by d?
6
Let u(i) = -2*i**2 + 2*i**2 + 0*i - 4*i - i**2 + 3. Calculate the remainder when u(-4) is divided by 2.
1
Let v = 34 + -19. Let w = v + -4. What is the remainder when w is divided by 3?
2
Suppose 4*c - 3*s - 27 - 19 = 0, 4*s + 8 = 0. What is the remainder when c is divided by 1/3 + 22/6?
2
Let f = 0 - -8. Suppose -2*t - x + 48 = 0, -3*t - 3*x - 6 + 84 = 0. Calculate the remainder when t is divided by f.
6
Let n(g) = g**2 + 9*g + 19. What is the remainder when n(-13) is divided by 12?
11
Let u(i) = -i**2 - 10*i - 3. Suppose 3 - 11 = 4*r. Let y(d) = 3*d**2 + 21*d + 7. Let p(b) = r*y(b) - 5*u(b). What is the remainder when p(7) is divided by 3?
2
Suppose 5*q - 4*k = 552, -2*q = -0*q + k - 213. Calculate the remainder when q is divided by 32.
12
Suppose -2*g = -25 - 1. Calculate the remainder when g is divided by 7.
6
Suppose z = -4*z - 25, 5*d + 2*z - 325 = 0. Let q = -28 + 51. Calculate the remainder when d is divided by q.
21
Suppose -k - 5*i + 12 = -8, k - 5*i + 10 = 0. Calculate the remainder when k is divided by 4.
1
Suppose -2*c + 36 + 26 = -2*x, 90 = 2*c + 5*x. Calculate the remainder when c is divided by 10.
5
Let i(c) be the third derivative of c**5/60 + c**4/24 + 73*c**3/6 + 7*c**2. Calculate the remainder when i(0) is divided by 19.
16
Let t(o) = -o**2 - o - 4. Let y be t(-5). Let j = y + 100. What is the remainder when j is divided by ((-54)/(-2) - 1)/1?
24
Let c(o) = o - 1. Let d be c(5). Suppose 4*g = d*b + 36 - 0, -5*b - 5 = 0. What is the remainder when 15 is divided by g?
7
Let h = 87 + -62. Let w = -20 + 29. What is the remainder when h is divided by w?
7
Suppose 5*f - b + 2 - 7 = 0, 4*b = 3*f - 3. What is